ppose a = 2*w + 937, a + 10*w - 11*w = 939. Suppose a*f = 946*f - 90165. Is f a composite number?
True
Suppose 0 = -11*m + 23*m - 260196. Is m composite?
False
Let q(p) = -4*p**3 + 12*p**2 + 16*p + 371. Is q(-33) prime?
True
Let n be 6 + -3 + 1 - (0 - 1346). Is -4 + 70/20 + n/4 prime?
True
Let s = 186 + 261. Suppose -17*p - 3127 = -21*p + l, -1563 = -2*p + l. Let g = p - s. Is g a composite number?
True
Is (0 - (-29)/(-3))/(81/(-80433)) a prime number?
False
Let h = 23069 + -2866. Is h prime?
False
Suppose 101*b = 693*b - 499572816. Is b a prime number?
False
Let a be 2 - (-2 - -7) - 12*-304. Suppose w - a + 64 = 0. Is w prime?
True
Let h(v) = -4*v + 44. Let w be h(11). Suppose w = 37*r - 109584 - 1083. Is r composite?
True
Let m(g) = -11208*g - 383. Is m(-4) a prime number?
True
Let s be 7 + 830/(-110) + 6033/(-11). Let q = s - -890. Is q a prime number?
False
Let w = 78114 - 14165. Is w prime?
True
Suppose 13*i = 14*i + 10. Let p(f) = -3*f**3 - 12*f**2 - 40*f + 3. Is p(i) prime?
True
Suppose -3*x = 132*y - 135*y + 1828749, 2*y = x + 1219164. Is y a prime number?
False
Let y(r) = r**3 + 14*r**2 - 49*r + 119. Is y(44) a composite number?
False
Let d be (-51)/(-24) + 7/(-56). Suppose -d*x = -2*k - 1678, -4*x + 5*x - 841 = 3*k. Is x composite?
True
Suppose 2*f + 2*h = 6, -f - f = -4*h. Suppose 2739 = 3*y + l + f*l, 2*l + 4565 = 5*y. Is y a composite number?
True
Let n be -9 + -5 - -8 - -5634. Let v = n - 2810. Is v a composite number?
True
Suppose -4*k + 9*k = -5*c + 59865, -5*k = -20. Is c a composite number?
False
Suppose 2*j - 368 = -5*p, 3*j + 104 = -5*p + 646. Let f = j - 61. Is f a prime number?
True
Let k(m) = -79*m**2 + 2*m - 23. Let x(d) = -79*d**2 + 3*d - 23. Let c(i) = -6*k(i) + 5*x(i). Suppose -q - 34 = -7*b + 10*b, 5*q - 10 = 0. Is c(b) composite?
True
Let q(f) = 2*f**3 - 33*f**2 - 248*f + 106. Is q(31) a composite number?
False
Let n = 107720 - 62511. Is n a composite number?
True
Suppose -s + 320 = 115. Let t = 4050 - s. Is t a prime number?
False
Suppose 0 = 102*i - 113498566 + 29155888. Is i a composite number?
True
Suppose 3*a - o + 13369 = 7*a, 4*a - 5*o = 13339. Is a a prime number?
False
Let n(y) be the first derivative of y**4/4 - 2*y**3/3 - y**2 - 5*y - 14. Suppose -6*j + j + 30 = 0. Is n(j) composite?
False
Let k = 46695 + -20902. Is k composite?
False
Suppose -l - g = 3*g - 26, 5*g = 2*l + 13. Let v be 256/40 - l/15. Suppose -366 - 972 = -v*s. Is s a composite number?
False
Suppose 0 = -5*n + 73765 - 21380. Is n a composite number?
False
Let c = 408259 - 234002. Is c prime?
True
Let g = 8596 + 10417. Is g composite?
False
Suppose -5*v - q - 100 = 0, q = -0*v + 3*v + 68. Let a = 72 + v. Suppose -s = -0*s - 3*w + 2, 2*s - a = -5*w. Is s a composite number?
False
Let w = -105285 + 175636. Is w composite?
False
Let r = -1286 + 16303. Is r a composite number?
False
Let q(o) = -o**2 - 7*o + 70. Let a be q(-13). Let y(l) = -565*l + 39. Is y(a) a composite number?
True
Suppose -8401 = -3*p - 0*p - 5*c, -11210 = -4*p + 2*c. Let k = -955 + p. Is k prime?
True
Suppose -40*k + 2530695 + 503872 = 21*k. Is k a prime number?
True
Let a = -37115 + 98256. Is a composite?
False
Let c(v) = 360*v**2 + 7*v + 1. Let i(b) = 360*b**2 + 8*b + 1. Let a(y) = 7*c(y) - 6*i(y). Suppose 2 = 5*r + 4*o, 6*o + 6 = 3*r + 10*o. Is a(r) composite?
False
Suppose -3458 = u + 18*u. Let l = -69 - u. Is l a prime number?
True
Let g = 543593 - 375078. Is g prime?
False
Let o be (1351450/65)/(-10) + (-4)/(-26). Suppose 6024 + 13878 = 6*i. Let x = o + i. Is x a composite number?
True
Suppose -v - 924 = -12*v. Let n(u) = 81 - 143 - 9*u**2 + 19*u - u**3 + v. Is n(-15) a prime number?
True
Let c be 4864/12 + (-16)/(-6) + -3. Let a = -290 + c. Is a a composite number?
True
Let b(z) = 2*z**2 - 7*z - 6. Let l be -1 + -1 - (-2 - 2). Let s be 15/(-4)*-2*l/(-3). Is b(s) a prime number?
True
Let o(z) = 651*z**2 + 108*z - 211. Is o(2) prime?
True
Suppose -304*i + 4*t + 36 = -302*i, 5*i + 4*t + 22 = 0. Let l be 1/(-2) - 23/(-2). Suppose -7*c + l*c + 314 = n, -i*n + 4*c = -628. Is n a composite number?
True
Suppose x - 14 = -5. Let f(g) = g**3 - 8*g**2 - 9*g + 3. Let a be f(x). Suppose 3*p = a*i + 1188 + 1380, -2*i = 4*p - 3394. Is p a composite number?
True
Suppose -36*a + 14*a = 30*a - 101059868. Is a a composite number?
True
Let p be (45020 - (-3 - -5)) + 2 - 1. Let s = p + -10988. Is s prime?
True
Let g(v) = 897*v**3 - 100*v**2 - 12*v + 144. Is g(7) prime?
True
Is (-2)/12*(-1298945 + -337) a composite number?
True
Suppose -4*z + 3*z + 2*z = 0. Let w be (z - (-64)/(-20)) + 1/5. Is 6/(-4)*(1082/w - -4) prime?
False
Suppose -2*o - 110 = -3*o. Let k = -82 + o. Suppose -k*d + 22*d = -6438. Is d a composite number?
True
Suppose -2*j + 5*h = -4112, 0 = 3*h - 8*h - 20. Suppose -3*d = -5073 + j. Is d a composite number?
False
Suppose -54766980 = -98*p - 14402446. Is p a composite number?
False
Let n be 3/(-18) + (4/24)/1. Let t be ((-4)/(-6) - n) + 9253/57. Suppose -h = -1172 + t. Is h composite?
False
Let h(u) = 44297*u**2 + 17*u + 13. Is h(-1) prime?
True
Suppose 4*h - j = 3*h + 6, 4*j = -h - 14. Let n be (48 - -8) + h/1. Suppose -n = -2*w + 540. Is w a composite number?
True
Suppose 0 = 7*b - 48*b + 82. Suppose b*y - 25375 + 7122 = -3*r, 3*y + r = 27390. Is y a composite number?
True
Let v be (-45918)/(-13) + ((-410)/130 - -3). Let f = -2450 + v. Is f composite?
True
Suppose 1303747 = 34*d - 727447. Is d composite?
True
Suppose -8*x + 665 = 217. Let i = -43 + x. Suppose 10542 = i*q - 7*q. Is q a composite number?
True
Let q = 493 + -489. Suppose -3*h = -5*o + 10244, -6*o + q*o = 2*h - 4088. Is o prime?
False
Suppose -68 = 5*c - 583. Suppose -m + c = -3*k, -m + 5*k = -0*k - 103. Is m prime?
True
Let n = -61 + 56. Let o be ((-4)/n)/(2/(-5)) - 1. Is 8482/8 - o/4 a composite number?
False
Is (-666930)/(-18) + 9 - (3 + 0)/(-9) prime?
True
Let c = 0 - -52. Let z = c + -48. Suppose 4*a - 2*v = 2018 + 1140, 0 = z*a + 2*v - 3138. Is a a prime number?
True
Let t(q) be the second derivative of -q**5/20 - 5*q**4/4 - 29*q**3/2 - 18*q**2 + 25*q + 1. Is t(-35) a composite number?
False
Let t = 10198 - -129811. Is t a prime number?
True
Let w be 2 + 2 + 0 - -6. Suppose -10*z + w = -5*z. Suppose -g + 975 = z*k, -4*g - 3*k - 698 + 4603 = 0. Is g composite?
False
Let a(q) = 26*q**2 + 107*q + 55. Is a(-34) composite?
True
Let q = -3613 - 1361. Let a = -2471 - q. Is a a prime number?
True
Let o be 248078/7 - 62/(-217). Suppose -15*r + o = -20165. Is r composite?
True
Suppose 0 = 5*h - 3*k - 54897, 0 = -3*h + 5*k + 28467 + 4484. Is h a composite number?
True
Suppose y = -4*q + 2422842, 46*q - 43*q - 4*y = 1817141. Is q composite?
True
Suppose 3*q = 5*h + 15057, -q - q + 12044 = -4*h. Let u = -476 - h. Is u prime?
False
Suppose 1040 = 12*x - 3232. Let n(r) = 13*r**2 - 8*r - 12. Let g be n(11). Let a = g - x. Is a a composite number?
False
Is ((-636189)/(-3))/(1/5*(-25)/(-5)) prime?
False
Suppose 5*a = -m - 15, -a + 4*m = -1 + 4. Is 6*(-9422)/28*1/a composite?
False
Is 24/180 - (4642716/(-540))/((-2)/(-186)) prime?
False
Let s = 215 - 211. Is (22405/(-35))/((20/(-35))/s) composite?
False
Let d(i) = -73*i**3 - 2*i**2 + 4*i + 2. Let y be d(-3). Suppose 0 = -17*q + 16*q + y. Is q composite?
True
Suppose 5*k = -2105 + 6145. Let j be ((-560)/120)/(2/183). Let r = j + k. Is r composite?
True
Let w(y) = -9370*y + 21. Is w(-13) a composite number?
True
Suppose -o = -3, 2*r + 2*o = -3*o + 263501. Is r prime?
True
Suppose 5*k - 3*t + t = -70, 0 = 2*k - 2*t + 22. Let u be k/112 + 1/7. Suppose u = 5*h - 2*v - 4845, h - v = v + 977. Is h prime?
True
Let b(q) = -1173*q - 794. Is b(-29) a composite number?
False
Let p(k) = -3*k**3 - 17*k**2 + 5*k + 6. Let t(d) = 9*d**3 + 52*d**2 - 12*d - 18. Let m(l) = 8*p(l) + 3*t(l). Is m(5) a composite number?
True
Suppose -4*i = -20*i - 32. Let b be 5/(-15) + i/3. Let v(u) = -1176*u - 7. Is v(b) composite?
True
Suppose -5*o + 2*z = -9*o - 24478, 5*z + 12243 = -2*o. Let s = 2382 - o. Is s prime?
True
Is (-9 - 3332*-12) + (-1 - -5) composite?
False
Let y(a) = -78*a + 44. Let g(t) = 39*t - 21. Let i(w) = -5*g(w) - 3*y(w). Let u be i(-10). Is (0 + 42/(-2))*u/9 composite?
True
Suppose 5*c + 1614 + 2816 = 0. Let v = c + 1546. Suppose 2*r - 2*d = -d + 324, v = 4*r + 4*d. Is r prime?